{"id":47,"date":"2015-08-20T01:01:40","date_gmt":"2015-08-20T01:01:40","guid":{"rendered":"http:\/\/fecomercio-pe.com.br\/site\/?page_id=47"},"modified":"2017-02-08T19:08:32","modified_gmt":"2017-02-08T19:08:32","slug":"ct-e","status":"publish","type":"page","link":"http:\/\/fecomercio-pe.com.br\/site\/servicos\/certificacao-digital\/ct-e\/","title":{"rendered":"CT-e"},"content":{"rendered":"<p>[vc_row][vc_column width=&#8221;1\/2&#8243;][vc_custom_heading text=&#8221;Certificado digital direcionado para empresas que possuem frotas para transporte de cargas. Todos os modais devem utilizar o CT-e: a\u00e9reo, rodovi\u00e1rio, aquavi\u00e1rio, ferrovi\u00e1rio e dutovi\u00e1rio.&#8221; font_container=&#8221;tag:h3|text_align:left&#8221; google_fonts=&#8221;font_family:Montserrat%3Aregular%2C700|font_style:400%20regular%3A400%3Anormal&#8221;][vc_column_text]Com este documento digital \u00e9 poss\u00edvel realizar consultas e atualizar os cadastros de contribuinte pessoa jur\u00eddica, obter certid\u00f5es da Receita Federal, cadastrar procura\u00e7\u00f5es e acompanhar processos tribut\u00e1rios atrav\u00e9s da Internet sem a necessidade de ir munido de diversos documentos at\u00e9 um posto de atendimento.<\/p>\n<h2>Informa\u00e7\u00f5es do Produto<\/h2>\n<p>A Certisign criou o Certificado Digital para CT-e, destinado especialmente para as opera\u00e7\u00f5es de Nota Fiscal e Controle de Transporte Eletr\u00f4nico, o que permite \u00e0 sua empresa organizar a solicita\u00e7\u00e3o de certificados digitais para cada um dos seus usu\u00e1rios, servidores ou HSM (Hardwares Criptogr\u00e1ficos de grande capacidade de processamento) utilizados pelos sistemas de emiss\u00e3o de NF-e dispon\u00edveis no mercado.<\/p>\n<p>O certificado digital deve ser emitido para a pessoa jur\u00eddica emitente do Conhecimento de Transporte Eletr\u00f4nico (CT-e).<\/p>\n<p>[\/vc_column_text][\/vc_column][vc_column width=&#8221;1\/2&#8243;][vc_column_text]<img loading=\"lazy\" decoding=\"async\" class=\"wp-image-1075 size-medium alignright\" src=\"http:\/\/fecomercio-pe.com.br\/site\/wp-content\/uploads\/2015\/08\/cert_cte-300x265.jpg\" alt=\"cert_cte\" width=\"300\" height=\"265\" srcset=\"http:\/\/fecomercio-pe.com.br\/site\/wp-content\/uploads\/2015\/08\/cert_cte-300x265.jpg 300w, http:\/\/fecomercio-pe.com.br\/site\/wp-content\/uploads\/2015\/08\/cert_cte-24x21.jpg 24w, http:\/\/fecomercio-pe.com.br\/site\/wp-content\/uploads\/2015\/08\/cert_cte-36x32.jpg 36w, http:\/\/fecomercio-pe.com.br\/site\/wp-content\/uploads\/2015\/08\/cert_cte-48x42.jpg 48w, http:\/\/fecomercio-pe.com.br\/site\/wp-content\/uploads\/2015\/08\/cert_cte.jpg 302w\" sizes=\"(max-width: 300px) 100vw, 300px\" \/>Os Certificados Digitais Certisign para CT-e podem ser emitidos para v\u00e1rios funcion\u00e1rios da sua empresa, diferente do que ocorre com um e-CNPJ que exige ser emitido exclusivamente para o Representante Legal cadastrado na Receita Federal como respons\u00e1vel pelo CNPJ. Dessa forma, se um dos funcion\u00e1rios estiver ausente a sua empresa n\u00e3o deixa de assinar as solicita\u00e7\u00f5es para emiss\u00e3o dos documentos de Conhecimento de Transporte.<\/p>\n<p>Os Certificados Digitais Certisign para CT-e s\u00e3o indicados para a emiss\u00e3o do CT-e.[\/vc_column_text][\/vc_column][\/vc_row][vc_row][vc_column width=&#8221;1\/3&#8243;][vc_column_text css=&#8221;.vc_custom_1486580621441{padding-top: 10px !important;padding-right: 10px !important;padding-bottom: 10px !important;padding-left: 10px !important;background-color: #f9f9f9 !important;}&#8221;]<\/p>\n<h3>A1<\/h3>\n<ul>\n<li>1 ANO<\/li>\n<li>R$ 365,00<\/li>\n<li><a href=\"https:\/\/gestaoar.certisign.com.br\/GestaoAR\/cliente\/produto\/inicio?produto=ACMA1PJCTEHV2&amp;grupo=ACMVR&amp;cliente_AR=CRSNT&amp;origem=1&amp;cod_rev=32112\" target=\"_blank\">COMPRE AQUI<\/a><\/li>\n<\/ul>\n<p>[\/vc_column_text][vc_column_text]<\/p>\n<h3>A3<\/h3>\n<ul>\n<li>3\u00a0Anos<\/li>\n<li>S\u00f3 certificado<\/li>\n<li>R$ 585,00<\/li>\n<li><a href=\"https:\/\/gestaoar.certisign.com.br\/GestaoAR\/cliente\/produto\/inicio?produto=ACMA3PJSCCTEHV2&amp;grupo=ACMVR&amp;cliente_AR=CRSNT&amp;origem=1&amp;cod_rev=32112\">COMPRE AQUI<\/a><\/li>\n<\/ul>\n<p>[\/vc_column_text][\/vc_column][vc_column width=&#8221;1\/3&#8243;][vc_column_text]<\/p>\n<h3>A3<\/h3>\n<ul>\n<li>3\u00a0Anos<\/li>\n<li>Com\u00a0smart card<\/li>\n<li>R$ 635,00<\/li>\n<li><a href=\"https:\/\/gestaoar.certisign.com.br\/GestaoAR\/cliente\/produto\/inicio?produto=ACMA3PJSMCTEHV2&amp;grupo=ACMVR&amp;cliente_AR=CRSNT&amp;origem=1&amp;cod_rev=32112\" target=\"_blank\">COMPRE AQUI<\/a><\/li>\n<\/ul>\n<p>[\/vc_column_text][vc_column_text css=&#8221;.vc_custom_1486580644263{padding-top: 10px !important;padding-right: 10px !important;padding-bottom: 10px !important;padding-left: 10px !important;background-color: #f9f9f9 !important;}&#8221;]<\/p>\n<h3>A3<\/h3>\n<ul>\n<li>3\u00a0Anos<\/li>\n<li>Com smart card + leitora<\/li>\n<li>R$ 785,00<\/li>\n<li><a href=\"https:\/\/gestaoar.certisign.com.br\/GestaoAR\/cliente\/produto\/inicio?produto=ACMA3PJSLCTEHV2&amp;grupo=ACMVR&amp;cliente_AR=CRSNT&amp;origem=1&amp;cod_rev=32112\" target=\"_blank\">COMPRE AQUI<\/a><\/li>\n<\/ul>\n<p>[\/vc_column_text][\/vc_column][vc_column width=&#8221;1\/3&#8243;][vc_column_text css=&#8221;.vc_custom_1486580802414{padding-top: 10px !important;padding-right: 10px !important;padding-bottom: 10px !important;padding-left: 10px !important;background-color: #f9f9f9 !important;}&#8221;]<\/p>\n<h3>A3<\/h3>\n<ul>\n<li>3\u00a0Anos<\/li>\n<li>p\/HSM (gera CSR)<\/li>\n<li>R$ 1.340,00<\/li>\n<li><a href=\"https:\/\/gestaoar.certisign.com.br\/GestaoAR\/cliente\/produto\/inicio?produto=ACMA3PJCTECSRHV2&amp;grupo=ACMVR&amp;cliente_AR=CRSNT&amp;origem=1&amp;cod_rev=32112\" target=\"_blank\">COMPRE AQUI<\/a><\/li>\n<\/ul>\n<p>[\/vc_column_text][vc_column_text]<\/p>\n<h3>A3<\/h3>\n<ul>\n<li>3\u00a0Anos<\/li>\n<li>Com Token<\/li>\n<li>R$\u00a0795,00<\/li>\n<li><a href=\"https:\/\/gestaoar.certisign.com.br\/GestaoAR\/cliente\/produto\/inicio?produto=ACMA3PJTOCTEHV2&amp;grupo=ACMVR&amp;cliente_AR=CRSNT&amp;origem=1&amp;cod_rev=32112\" target=\"_blank\">COMPRE AQUI<\/a><\/li>\n<\/ul>\n<p>[\/vc_column_text][\/vc_column][\/vc_row]<\/p>\n","protected":false},"excerpt":{"rendered":"<p>[vc_row][vc_column width=&#8221;1\/2&#8243;][vc_custom_heading text=&#8221;Certificado digital direcionado para empresas que possuem frotas para transporte de cargas. Todos os modais devem utilizar o CT-e: a\u00e9reo, rodovi\u00e1rio, aquavi\u00e1rio, ferrovi\u00e1rio e dutovi\u00e1rio.&#8221; font_container=&#8221;tag:h3|text_align:left&#8221; google_fonts=&#8221;font_family:Montserrat%3Aregular%2C700|font_style:400%20regular%3A400%3Anormal&#8221;][vc_column_text]Com este documento digital \u00e9 poss\u00edvel realizar consultas e atualizar os cadastros de contribuinte pessoa jur\u00eddica, obter certid\u00f5es da Receita Federal, cadastrar procura\u00e7\u00f5es e acompanhar processos tribut\u00e1rios<br \/><a href=\"http:\/\/fecomercio-pe.com.br\/site\/servicos\/certificacao-digital\/ct-e\/\" class=\"more\">Read more<\/a><\/p>\n","protected":false},"author":1,"featured_media":0,"parent":38,"menu_order":0,"comment_status":"open","ping_status":"open","template":"","meta":{"footnotes":""},"_links":{"self":[{"href":"http:\/\/fecomercio-pe.com.br\/site\/wp-json\/wp\/v2\/pages\/47"}],"collection":[{"href":"http:\/\/fecomercio-pe.com.br\/site\/wp-json\/wp\/v2\/pages"}],"about":[{"href":"http:\/\/fecomercio-pe.com.br\/site\/wp-json\/wp\/v2\/types\/page"}],"author":[{"embeddable":true,"href":"http:\/\/fecomercio-pe.com.br\/site\/wp-json\/wp\/v2\/users\/1"}],"replies":[{"embeddable":true,"href":"http:\/\/fecomercio-pe.com.br\/site\/wp-json\/wp\/v2\/comments?post=47"}],"version-history":[{"count":22,"href":"http:\/\/fecomercio-pe.com.br\/site\/wp-json\/wp\/v2\/pages\/47\/revisions"}],"predecessor-version":[{"id":3536,"href":"http:\/\/fecomercio-pe.com.br\/site\/wp-json\/wp\/v2\/pages\/47\/revisions\/3536"}],"up":[{"embeddable":true,"href":"http:\/\/fecomercio-pe.com.br\/site\/wp-json\/wp\/v2\/pages\/38"}],"wp:attachment":[{"href":"http:\/\/fecomercio-pe.com.br\/site\/wp-json\/wp\/v2\/media?parent=47"}],"curies":[{"name":"wp","href":"https:\/\/api.w.org\/{rel}","templated":true}]}}