{"id":32,"date":"2015-08-20T00:48:03","date_gmt":"2015-08-20T00:48:03","guid":{"rendered":"http:\/\/fecomercio-pe.com.br\/site\/?page_id=32"},"modified":"2016-10-25T17:40:19","modified_gmt":"2016-10-25T17:40:19","slug":"assessoria-sindical","status":"publish","type":"page","link":"http:\/\/fecomercio-pe.com.br\/site\/servicos\/assessoria-sindical\/","title":{"rendered":"Assessoria Sindical"},"content":{"rendered":"<p><span style=\"color: #000000;\">A Assessoria Sindical tem como objetivo apoiar os sindicatos ligados \u00e0 Fecom\u00e9rcio-PE em a\u00e7\u00f5es relacionadas \u00e0 regularidade e a legalidade das entidades sindicais, de forma consultiva. Al\u00e9m disso, a Assessoria Sindical promove as negocia\u00e7\u00f5es coletivas na base territorial inorganizada e orienta as entidades a respeito de registros ministeriais, banco de horas, calend\u00e1rios de feriados, enquadramento sindical, entre outros assuntos.<\/span><\/p>\n<p><span style=\"color: #000000;\">\u00c9 a Assessoria Sindical o setor respons\u00e1vel tamb\u00e9m para tirar d\u00favidas e fazer a cobran\u00e7a das contribui\u00e7\u00f5es Sindical, Negocial Patronal do Com\u00e9rcio e Negocial Patronal de Supermercado.<\/span><\/p>\n<p><span style=\"color: #000000;\">Para entrar em contato com a nossa Assessoria Sindical basta ligar para (81) 3231-5393.<\/span><\/p>\n","protected":false},"excerpt":{"rendered":"<p>A Assessoria Sindical tem como objetivo apoiar os sindicatos ligados \u00e0 Fecom\u00e9rcio-PE em a\u00e7\u00f5es relacionadas \u00e0 regularidade e a legalidade das entidades sindicais, de forma consultiva. Al\u00e9m disso, a Assessoria Sindical promove as negocia\u00e7\u00f5es coletivas na base territorial inorganizada e orienta as entidades a respeito de registros ministeriais, banco de horas, calend\u00e1rios de feriados, enquadramento<br \/><a href=\"http:\/\/fecomercio-pe.com.br\/site\/servicos\/assessoria-sindical\/\" class=\"more\">Read more<\/a><\/p>\n","protected":false},"author":1,"featured_media":0,"parent":28,"menu_order":0,"comment_status":"open","ping_status":"open","template":"","meta":{"footnotes":""},"_links":{"self":[{"href":"http:\/\/fecomercio-pe.com.br\/site\/wp-json\/wp\/v2\/pages\/32"}],"collection":[{"href":"http:\/\/fecomercio-pe.com.br\/site\/wp-json\/wp\/v2\/pages"}],"about":[{"href":"http:\/\/fecomercio-pe.com.br\/site\/wp-json\/wp\/v2\/types\/page"}],"author":[{"embeddable":true,"href":"http:\/\/fecomercio-pe.com.br\/site\/wp-json\/wp\/v2\/users\/1"}],"replies":[{"embeddable":true,"href":"http:\/\/fecomercio-pe.com.br\/site\/wp-json\/wp\/v2\/comments?post=32"}],"version-history":[{"count":3,"href":"http:\/\/fecomercio-pe.com.br\/site\/wp-json\/wp\/v2\/pages\/32\/revisions"}],"predecessor-version":[{"id":2550,"href":"http:\/\/fecomercio-pe.com.br\/site\/wp-json\/wp\/v2\/pages\/32\/revisions\/2550"}],"up":[{"embeddable":true,"href":"http:\/\/fecomercio-pe.com.br\/site\/wp-json\/wp\/v2\/pages\/28"}],"wp:attachment":[{"href":"http:\/\/fecomercio-pe.com.br\/site\/wp-json\/wp\/v2\/media?parent=32"}],"curies":[{"name":"wp","href":"https:\/\/api.w.org\/{rel}","templated":true}]}}