{"id":1873,"date":"2016-06-03T02:30:05","date_gmt":"2016-06-03T02:30:05","guid":{"rendered":"http:\/\/fecomercio-pe.com.br\/site\/?page_id=1873"},"modified":"2019-05-09T11:04:31","modified_gmt":"2019-05-09T14:04:31","slug":"agenda-do-comercio","status":"publish","type":"page","link":"http:\/\/fecomercio-pe.com.br\/site\/pesquisas\/agenda-do-comercio\/","title":{"rendered":"Agenda do Com\u00e9rcio"},"content":{"rendered":"<p>[vc_row][vc_column width=&#8221;1\/6&#8243;][\/vc_column][vc_column width=&#8221;2\/3&#8243;][vc_single_image image=&#8221;2706&#8243; img_size=&#8221;250&#215;100&#8243; alignment=&#8221;center&#8221;][vc_column_text]<\/p>\n<p style=\"text-align: justify;\"><span style=\"color: #000000;\">A Agenda do Com\u00e9rcio foi concebida para contribuir na constru\u00e7\u00e3o de um ambiente mais favor\u00e1- vel ao desenvolvimento do com\u00e9rcio, dos servi\u00e7os e do turismo no Estado de Pernambuco. A partir da an\u00e1lise da situa\u00e7\u00e3o macroecon\u00f4mica nacional e estadual e de uma avalia\u00e7\u00e3o do desempenho, em 2015, do setor terci\u00e1rio em nosso pa\u00eds, regi\u00e3o e estado, foram entrevistados l\u00edderes empresariais com o objetivo de identificar as expectativas para 2016 e as iniciativas que deveriam ser desenvolvidas pelos empres\u00e1rios e pelos diversos n\u00edveis de governo para enfrentar a crise e retomar o desenvolvimento econ\u00f4mico.<\/span><\/p>\n<p>[\/vc_column_text][vc_empty_space][\/vc_column][vc_column width=&#8221;1\/6&#8243;][\/vc_column][\/vc_row][vc_row][vc_column width=&#8221;1\/6&#8243;][vc_column_text]<\/p>\n<h3 style=\"text-align: center;\"><span style=\"color: #333399;\"><strong>Agenda do Com\u00e9rcio 2019<\/strong><\/span><\/h3>\n<p>[\/vc_column_text][vc_single_image image=&#8221;6291&#8243; img_size=&#8221;medium&#8221; alignment=&#8221;center&#8221;][vc_column_text]<\/p>\n<h3 style=\"text-align: center;\"><a href=\"https:\/\/issuu.com\/fecomerciope\/docs\/agenda_do_com_rcio_2019\" target=\"_blank\" rel=\"noopener\">Vers\u00e3o Online<\/a><\/h3>\n<p>[\/vc_column_text][\/vc_column][vc_column width=&#8221;1\/6&#8243;][vc_column_text]<\/p>\n<h3 style=\"text-align: center;\"><span style=\"color: #333399;\"><strong>Agenda do Com\u00e9rcio 2018<\/strong><\/span><\/h3>\n<p>[\/vc_column_text][vc_single_image image=&#8221;5010&#8243; img_size=&#8221;medium&#8221; alignment=&#8221;center&#8221;][vc_column_text]<\/p>\n<h3 style=\"text-align: center;\"><a href=\"https:\/\/issuu.com\/fecomerciope\/docs\/agenda_do_com_rcio_2018_-_21_5_x27_\" target=\"_blank\" rel=\"noopener\">Vers\u00e3o Online<\/a> | <a href=\"http:\/\/fecomercio-pe.com.br\/site\/wp-content\/uploads\/2018\/03\/Agenda-do-Com\u00e9rcio-1-2018-215-x275cm.pdf\" target=\"_blank\" rel=\"noopener\">Vers\u00e3o PDF<\/a><\/h3>\n<p>[\/vc_column_text][\/vc_column][vc_column width=&#8221;1\/6&#8243;][vc_column_text]<\/p>\n<h3 style=\"text-align: center;\"><span style=\"color: #333399;\"><strong>Agenda do Com\u00e9rcio 2017<\/strong><\/span><\/h3>\n<p>[\/vc_column_text][vc_single_image image=&#8221;3469&#8243; img_size=&#8221;medium&#8221; alignment=&#8221;center&#8221;][vc_column_text]<\/p>\n<h3 style=\"text-align: center;\"><a href=\"https:\/\/issuu.com\/fecomerciope\/docs\/agenda_do_com__rcio_2017\" target=\"_blank\" rel=\"noopener\">Vers\u00e3o Online<\/a> | <a href=\"http:\/\/fecomercio-pe.com.br\/site\/wp-content\/uploads\/2017\/02\/Agenda-do-Com\u00e9rcio-2017.pdf\" target=\"_blank\" rel=\"noopener\">Vers\u00e3o PDF<\/a><\/h3>\n<p>[\/vc_column_text][\/vc_column][vc_column width=&#8221;1\/6&#8243;][vc_column_text]<\/p>\n<h3 style=\"text-align: center;\"><span style=\"color: #333399;\"><strong>Agenda do Com\u00e9rcio 2016<\/strong><\/span><\/h3>\n<p>[\/vc_column_text][vc_single_image image=&#8221;1877&#8243; img_size=&#8221;medium&#8221; alignment=&#8221;center&#8221;][vc_column_text]<\/p>\n<h3 style=\"text-align: center;\"><a href=\"https:\/\/issuu.com\/fecomerciope\/docs\/agenda_do_com__rcio_2016_-_web\" target=\"_blank\" rel=\"noopener\">Vers\u00e3o Online<\/a> | <a href=\"http:\/\/fecomercio-pe.com.br\/site\/wp-content\/uploads\/2016\/07\/Agenda-do-Com%C3%A9rcio-2016-WEB.pdf\" target=\"_blank\" rel=\"noopener\">Vers\u00e3o PDF<\/a><\/h3>\n<p>[\/vc_column_text][\/vc_column][vc_column width=&#8221;1\/6&#8243;][vc_column_text]<\/p>\n<h3 style=\"text-align: center;\"><span style=\"color: #333399;\"><strong>Agenda do Com\u00e9rcio 2015<\/strong><\/span><\/h3>\n<p>[\/vc_column_text][vc_single_image image=&#8221;2705&#8243; img_size=&#8221;medium&#8221; alignment=&#8221;center&#8221;][vc_column_text]<\/p>\n<h3 style=\"text-align: center;\"><a href=\"https:\/\/issuu.com\/fecomerciope\/docs\/agenda-do-comercio-completo\" target=\"_blank\" rel=\"noopener\">Vers\u00e3o Online<\/a> | <a href=\"http:\/\/fecomercio-pe.com.br\/site\/wp-content\/uploads\/2016\/10\/agenda-do-comercio-completo.pdf\" target=\"_blank\" rel=\"noopener\">Vers\u00e3o PDF<\/a><\/h3>\n<p>[\/vc_column_text][\/vc_column][vc_column width=&#8221;1\/6&#8243;][\/vc_column][\/vc_row][vc_row][vc_column][\/vc_column][\/vc_row]<\/p>\n","protected":false},"excerpt":{"rendered":"<p>[vc_row][vc_column width=&#8221;1\/6&#8243;][\/vc_column][vc_column width=&#8221;2\/3&#8243;][vc_single_image image=&#8221;2706&#8243; img_size=&#8221;250&#215;100&#8243; alignment=&#8221;center&#8221;][vc_column_text] A Agenda do Com\u00e9rcio foi concebida para contribuir na constru\u00e7\u00e3o de um ambiente mais favor\u00e1- vel ao desenvolvimento do com\u00e9rcio, dos servi\u00e7os e do turismo no Estado de Pernambuco. A partir da an\u00e1lise da situa\u00e7\u00e3o macroecon\u00f4mica nacional e estadual e de uma avalia\u00e7\u00e3o do desempenho, em 2015, do setor<br \/><a href=\"http:\/\/fecomercio-pe.com.br\/site\/pesquisas\/agenda-do-comercio\/\" class=\"more\">Read more<\/a><\/p>\n","protected":false},"author":1,"featured_media":0,"parent":994,"menu_order":0,"comment_status":"closed","ping_status":"closed","template":"","meta":{"footnotes":""},"_links":{"self":[{"href":"http:\/\/fecomercio-pe.com.br\/site\/wp-json\/wp\/v2\/pages\/1873"}],"collection":[{"href":"http:\/\/fecomercio-pe.com.br\/site\/wp-json\/wp\/v2\/pages"}],"about":[{"href":"http:\/\/fecomercio-pe.com.br\/site\/wp-json\/wp\/v2\/types\/page"}],"author":[{"embeddable":true,"href":"http:\/\/fecomercio-pe.com.br\/site\/wp-json\/wp\/v2\/users\/1"}],"replies":[{"embeddable":true,"href":"http:\/\/fecomercio-pe.com.br\/site\/wp-json\/wp\/v2\/comments?post=1873"}],"version-history":[{"count":23,"href":"http:\/\/fecomercio-pe.com.br\/site\/wp-json\/wp\/v2\/pages\/1873\/revisions"}],"predecessor-version":[{"id":6293,"href":"http:\/\/fecomercio-pe.com.br\/site\/wp-json\/wp\/v2\/pages\/1873\/revisions\/6293"}],"up":[{"embeddable":true,"href":"http:\/\/fecomercio-pe.com.br\/site\/wp-json\/wp\/v2\/pages\/994"}],"wp:attachment":[{"href":"http:\/\/fecomercio-pe.com.br\/site\/wp-json\/wp\/v2\/media?parent=1873"}],"curies":[{"name":"wp","href":"https:\/\/api.w.org\/{rel}","templated":true}]}}